{"id":4658,"date":"2021-04-28T18:09:26","date_gmt":"2021-04-28T18:09:26","guid":{"rendered":"https:\/\/amor-pequenino.pt\/?page_id=4658"},"modified":"2022-05-02T10:36:37","modified_gmt":"2022-05-02T10:36:37","slug":"formulario-de-inscricao","status":"publish","type":"page","link":"https:\/\/amor-pequenino.pt\/index.php\/formulario-de-inscricao\/","title":{"rendered":"Formul\u00e1rio de Inscri\u00e7\u00e3o"},"content":{"rendered":"<p>[vc_row css=&#8221;.vc_custom_1616341631056{padding-top: 180px !important;padding-bottom: 60px !important;}&#8221;][vc_column offset=&#8221;vc_col-md-offset-1 vc_col-md-10&#8243;][vc_row_inner content_placement=&#8221;middle&#8221;][vc_column_inner offset=&#8221;vc_col-md-offset-1 vc_col-md-6&#8243;]<style>.ld_section_title_69f48f630e2d6 h2{font-family:Quicksand!important;font-weight:700!important;font-style:normal!important;font-size:38px;color:rgb(112, 187, 180);margin-bottom:0px !important;;}<\/style><header class=\"fancy-title ld_section_title_69f48f630e2d6\">\n\t<h2>Forml\u00e1rio de Inscri\u00e7\u00e3o<\/h2>\t\t<\/header>[\/vc_column_inner][vc_column_inner align=&#8221;text-left&#8221; offset=&#8221;vc_col-md-4 vc_hidden-sm vc_hidden-xs&#8221; responsive_align=&#8221;text-md-right&#8221;]<style>.ld_icon_box_69f48f630f863 .iconbox-icon-container{color:rgb(216, 219, 226);border-radius:px;}.ld_icon_box_69f48f630f863:hover .iconbox-icon-container{color:rgb(0, 0, 0);}.ld_icon_box_69f48f630f863 h3{margin-bottom:px;}<\/style>\n<div class=\"iconbox text-right iconbox-xl ld_icon_box_69f48f630f863 vc_custom_1536751299280\" id=\"ld_icon_box_69f48f630f863\"  data-animate-icon=\"true\" data-plugin-options='{\"resetOnHover\":true,\"color\":\"rgb(216, 219, 226)\",\"hoverColor\":\"rgb(0, 0, 0)\"}'  >\n\t\n\t\t<div class=\"iconbox-icon-wrap\"><span class=\"iconbox-icon-container\"><?xml version=\"1.0\" encoding=\"utf-8\"?>\r\n<!-- Generator: Adobe Illustrator 16.0.0, SVG Export Plug-In . SVG Version: 6.00 Build 0)  -->\r\n<!DOCTYPE svg PUBLIC \"-\/\/W3C\/\/DTD SVG 1.1\/\/EN\" \"http:\/\/www.w3.org\/Graphics\/SVG\/1.1\/DTD\/svg11.dtd\">\r\n<svg version=\"1.1\" id=\"Layer_1\" xmlns=\"http:\/\/www.w3.org\/2000\/svg\" xmlns:xlink=\"http:\/\/www.w3.org\/1999\/xlink\" x=\"0px\" y=\"0px\"\r\n\t width=\"64px\" height=\"64px\" viewBox=\"0 0 64 64\" enable-background=\"new 0 0 64 64\" xml:space=\"preserve\">\r\n<polygon fill=\"none\" stroke=\"#000000\" stroke-width=\"2\" stroke-linejoin=\"bevel\" stroke-miterlimit=\"10\" points=\"1,30 63,1 23,41 \r\n\t\"\/>\r\n<polygon fill=\"none\" stroke=\"#000000\" stroke-width=\"2\" stroke-linejoin=\"bevel\" stroke-miterlimit=\"10\" points=\"34,63 63,1 23,41 \r\n\t\"\/>\r\n<\/svg>\r\n<\/span><\/div><!-- \/.iconbox-icon-wrap -->\t\n\t\t\n\t\t\n\t\t\t\t\n\t\t\n\t\n<\/div>\n[\/vc_column_inner][vc_column_inner offset=&#8221;vc_col-md-offset-1 vc_col-md-10&#8243;]<style>.ld_cf7_69f48f633aeed input[type=\"submit\"], .ld_cf7_69f48f633aeed button[type=\"submit\"]{font-family:Quicksand!important;font-weight:400!important;font-style:normal!important;font-size:13px;font-weight:700;letter-spacing:0.1em;background:rgb(255, 255, 255);color:rgb(112, 187, 180);border-color:rgb(112, 187, 180);}.ld_cf7_69f48f633aeed input, .ld_cf7_69f48f633aeed select, .ld_cf7_69f48f633aeed textarea, .ld_cf7_69f48f633aeed .ui-selectmenu-button{color:rgb(216, 219, 226);}.ld_cf7_69f48f633aeed input:focus, .ld_cf7_69f48f633aeed select:focus, .ld_cf7_69f48f633aeed textarea:focus, .ld_cf7_69f48f633aeed .ui-selectmenu-button:hover{color:rgb(0, 0, 0);}.ld_cf7_69f48f633aeed input[type=\"submit\"]:focus,.ld_cf7_69f48f633aeed input[type=\"submit\"]:hover, .ld_cf7_69f48f633aeed button[type=\"submit\"]:focus, .ld_cf7_69f48f633aeed button[type=\"submit\"]:hover{background:rgb(112, 187, 180);}.ld_cf7_69f48f633aeed input[type=\"submit\"]:hover, .ld_cf7_69f48f633aeed button[type=\"submit\"]:hover{color:rgb(255, 255, 255);}<\/style><div id=\"ld_cf7_69f48f633aeed\" class=\"lqd-contact-form ld_cf7_69f48f633aeed\">\n\t\n<div class=\"wpcf7 no-js\" id=\"wpcf7-f4657-o1\" lang=\"en-US\" dir=\"ltr\" data-wpcf7-id=\"4657\">\n<div class=\"screen-reader-response\"><p role=\"status\" aria-live=\"polite\" aria-atomic=\"true\"><\/p> <ul><\/ul><\/div>\n<form action=\"\/index.php\/wp-json\/wp\/v2\/pages\/4658#wpcf7-f4657-o1\" method=\"post\" class=\"wpcf7-form init\" aria-label=\"Contact form\" novalidate=\"novalidate\" data-status=\"init\">\n<fieldset class=\"hidden-fields-container\"><input type=\"hidden\" name=\"_wpcf7\" value=\"4657\" \/><input type=\"hidden\" name=\"_wpcf7_version\" value=\"6.1.5\" \/><input type=\"hidden\" name=\"_wpcf7_locale\" value=\"en_US\" \/><input type=\"hidden\" name=\"_wpcf7_unit_tag\" value=\"wpcf7-f4657-o1\" \/><input type=\"hidden\" name=\"_wpcf7_container_post\" value=\"0\" \/><input type=\"hidden\" name=\"_wpcf7_posted_data_hash\" value=\"\" \/>\n<\/fieldset>\n<p><label> Atividades a que se inscreve:<\/label><br \/>\n<span class=\"wpcf7-form-control-wrap\" data-name=\"ateliers\"><textarea cols=\"40\" rows=\"10\" maxlength=\"2000\" class=\"wpcf7-form-control wpcf7-textarea wpcf7-validates-as-required\" aria-required=\"true\" aria-invalid=\"false\" name=\"ateliers\"><\/textarea><\/span>\n<\/p>\n<p><label><\/label><br \/>\n<label><\/label><br \/>\n<label><strong> Dados da Crian\u00e7a<\/strong><\/label><br \/>\n<label><\/label>\n<\/p>\n<p><label> Nome:<\/label><br \/>\n<span class=\"wpcf7-form-control-wrap\" data-name=\"nome-crianca\"><input size=\"40\" maxlength=\"400\" class=\"wpcf7-form-control wpcf7-text wpcf7-validates-as-required\" aria-required=\"true\" aria-invalid=\"false\" value=\"\" type=\"text\" name=\"nome-crianca\" \/><\/span>\n<\/p>\n<p><label> Data de Nascimento:<\/label><br \/>\n<span class=\"wpcf7-form-control-wrap\" data-name=\"data-nascimento-crianca\"><input class=\"wpcf7-form-control wpcf7-date wpcf7-validates-as-required wpcf7-validates-as-date\" aria-required=\"true\" aria-invalid=\"false\" value=\"\" type=\"date\" name=\"data-nascimento-crianca\" \/><\/span>\n<\/p>\n<p><label> Cart\u00e3o de Cidad\u00e3o:<\/label><br \/>\n<span class=\"wpcf7-form-control-wrap\" data-name=\"cc-crianca\"><input size=\"40\" maxlength=\"400\" class=\"wpcf7-form-control wpcf7-text wpcf7-validates-as-required\" aria-required=\"true\" aria-invalid=\"false\" value=\"\" type=\"text\" name=\"cc-crianca\" \/><\/span>\n<\/p>\n<p><label> NIF:<\/label><br \/>\n<span class=\"wpcf7-form-control-wrap\" data-name=\"nif-crianca\"><input size=\"40\" maxlength=\"400\" class=\"wpcf7-form-control wpcf7-text wpcf7-validates-as-required\" aria-required=\"true\" aria-invalid=\"false\" value=\"\" type=\"text\" name=\"nif-crianca\" \/><\/span>\n<\/p>\n<p><label> Morada:<\/label><br \/>\n<span class=\"wpcf7-form-control-wrap\" data-name=\"morada-crianca\"><textarea cols=\"40\" rows=\"10\" maxlength=\"2000\" class=\"wpcf7-form-control wpcf7-textarea wpcf7-validates-as-required\" aria-required=\"true\" aria-invalid=\"false\" name=\"morada-crianca\"><\/textarea><\/span>\n<\/p>\n<p><label> Filia\u00e7\u00e3o:<\/label><br \/>\n<span class=\"wpcf7-form-control-wrap\" data-name=\"filiacao-crianca\"><input size=\"40\" maxlength=\"400\" class=\"wpcf7-form-control wpcf7-text wpcf7-validates-as-required\" aria-required=\"true\" aria-invalid=\"false\" value=\"\" type=\"text\" name=\"filiacao-crianca\" \/><\/span>\n<\/p>\n<p><label><\/label><br \/>\n<label><\/label><br \/>\n<label><strong> Dados do Encarregado de Educa\u00e7\u00e3o<\/strong><\/label><br \/>\n<label><\/label>\n<\/p>\n<p><label> Nome:<\/label><br \/>\n<span class=\"wpcf7-form-control-wrap\" data-name=\"nome-ee\"><input size=\"40\" maxlength=\"400\" class=\"wpcf7-form-control wpcf7-text wpcf7-validates-as-required\" aria-required=\"true\" aria-invalid=\"false\" value=\"\" type=\"text\" name=\"nome-ee\" \/><\/span>\n<\/p>\n<p><label> Grau de parentesco:<\/label><br \/>\n<span class=\"wpcf7-form-control-wrap\" data-name=\"grau-parentesco-ee\"><input size=\"40\" maxlength=\"400\" class=\"wpcf7-form-control wpcf7-text wpcf7-validates-as-required\" aria-required=\"true\" aria-invalid=\"false\" value=\"\" type=\"text\" name=\"grau-parentesco-ee\" \/><\/span>\n<\/p>\n<p><label> Contacto:<\/label><br \/>\n<span class=\"wpcf7-form-control-wrap\" data-name=\"contacto-ee\"><input size=\"40\" maxlength=\"400\" class=\"wpcf7-form-control wpcf7-text wpcf7-validates-as-required\" aria-required=\"true\" aria-invalid=\"false\" value=\"\" type=\"text\" name=\"contacto-ee\" \/><\/span>\n<\/p>\n<p><label> Email:<\/label><br \/>\n<span class=\"wpcf7-form-control-wrap\" data-name=\"email-ee\"><input size=\"40\" maxlength=\"400\" class=\"wpcf7-form-control wpcf7-email wpcf7-validates-as-required wpcf7-text wpcf7-validates-as-email\" aria-required=\"true\" aria-invalid=\"false\" value=\"\" type=\"email\" name=\"email-ee\" \/><\/span>\n<\/p>\n<p><label> Morada:<\/label><br \/>\n<span class=\"wpcf7-form-control-wrap\" data-name=\"morada-ee\"><textarea cols=\"40\" rows=\"10\" maxlength=\"2000\" class=\"wpcf7-form-control wpcf7-textarea wpcf7-validates-as-required\" aria-required=\"true\" aria-invalid=\"false\" name=\"morada-ee\"><\/textarea><\/span>\n<\/p>\n<p><label><\/label><br \/>\n<label><\/label><br \/>\n<label> Autoriza\u00e7\u00e3o de Sa\u00edda (nome - grau de parentesco):<\/label><br \/>\n<span class=\"wpcf7-form-control-wrap\" data-name=\"autorizacao-saida\"><textarea cols=\"40\" rows=\"10\" maxlength=\"2000\" class=\"wpcf7-form-control wpcf7-textarea wpcf7-validates-as-required\" aria-required=\"true\" aria-invalid=\"false\" name=\"autorizacao-saida\"><\/textarea><\/span>\n<\/p>\n<p><label><\/label><br \/>\n<label><\/label><br \/>\n<label><strong> Contactos de emerg\u00eancia 1<\/strong><\/label><br \/>\n<label><\/label>\n<\/p>\n<p><label> Nome:<\/label><br \/>\n<span class=\"wpcf7-form-control-wrap\" data-name=\"nome-1\"><input size=\"40\" maxlength=\"400\" class=\"wpcf7-form-control wpcf7-text wpcf7-validates-as-required\" aria-required=\"true\" aria-invalid=\"false\" value=\"\" type=\"text\" name=\"nome-1\" \/><\/span>\n<\/p>\n<p><label> Grau de parentesco:<\/label><br \/>\n<span class=\"wpcf7-form-control-wrap\" data-name=\"grau-parentesco-1\"><input size=\"40\" maxlength=\"400\" class=\"wpcf7-form-control wpcf7-text wpcf7-validates-as-required\" aria-required=\"true\" aria-invalid=\"false\" value=\"\" type=\"text\" name=\"grau-parentesco-1\" \/><\/span>\n<\/p>\n<p><label> Contacto:<\/label><br \/>\n<span class=\"wpcf7-form-control-wrap\" data-name=\"contacto-1\"><input size=\"40\" maxlength=\"400\" class=\"wpcf7-form-control wpcf7-text wpcf7-validates-as-required\" aria-required=\"true\" aria-invalid=\"false\" value=\"\" type=\"text\" name=\"contacto-1\" \/><\/span>\n<\/p>\n<p><label><strong> Contactos de emerg\u00eancia 2<\/strong><\/label><br \/>\n<label><\/label>\n<\/p>\n<p><label> Nome: <\/label><br \/>\n<span class=\"wpcf7-form-control-wrap\" data-name=\"nome-2\"><input size=\"40\" maxlength=\"400\" class=\"wpcf7-form-control wpcf7-text\" aria-invalid=\"false\" value=\"\" type=\"text\" name=\"nome-2\" \/><\/span>\n<\/p>\n<p><label> Grau de parentesco:<\/label><br \/>\n<span class=\"wpcf7-form-control-wrap\" data-name=\"grau-parentesco-2\"><input size=\"40\" maxlength=\"400\" class=\"wpcf7-form-control wpcf7-text\" aria-invalid=\"false\" value=\"\" type=\"text\" name=\"grau-parentesco-2\" \/><\/span>\n<\/p>\n<p><label> Contacto:<\/label><br \/>\n<span class=\"wpcf7-form-control-wrap\" data-name=\"contacto-2\"><input size=\"40\" maxlength=\"400\" class=\"wpcf7-form-control wpcf7-text\" aria-invalid=\"false\" value=\"\" type=\"text\" name=\"contacto-2\" \/><\/span>\n<\/p>\n<p><label><strong> Contactos de emerg\u00eancia 3<\/strong><\/label><br \/>\n<label><\/label>\n<\/p>\n<p><label> Nome: <\/label><br \/>\n<span class=\"wpcf7-form-control-wrap\" data-name=\"nome-3\"><input size=\"40\" maxlength=\"400\" class=\"wpcf7-form-control wpcf7-text\" aria-invalid=\"false\" value=\"\" type=\"text\" name=\"nome-3\" \/><\/span>\n<\/p>\n<p><label> Grau de parentesco:<\/label><br \/>\n<span class=\"wpcf7-form-control-wrap\" data-name=\"grau-parentesco-3\"><input size=\"40\" maxlength=\"400\" class=\"wpcf7-form-control wpcf7-text\" aria-invalid=\"false\" value=\"\" type=\"text\" name=\"grau-parentesco-3\" \/><\/span>\n<\/p>\n<p><label> Contacto:<\/label><br \/>\n<span class=\"wpcf7-form-control-wrap\" data-name=\"contacto-3\"><input size=\"40\" maxlength=\"400\" class=\"wpcf7-form-control wpcf7-text\" aria-invalid=\"false\" value=\"\" type=\"text\" name=\"contacto-3\" \/><\/span>\n<\/p>\n<p><label><\/label><br \/>\n<label><\/label><br \/>\n<label><strong> Informa\u00e7\u00e3o cl\u00ednica sobre a Crian\u00e7a<\/strong><\/label><br \/>\n<label><\/label>\n<\/p>\n<p><label> Grupo sangu\u00edneo: <\/label><br \/>\n<span class=\"wpcf7-form-control-wrap\" data-name=\"Grupo-sanguineo\"><input size=\"40\" maxlength=\"400\" class=\"wpcf7-form-control wpcf7-text\" aria-invalid=\"false\" value=\"\" type=\"text\" name=\"Grupo-sanguineo\" \/><\/span>\n<\/p>\n<p><label> N\u00famero SNS:<\/label><br \/>\n<span class=\"wpcf7-form-control-wrap\" data-name=\"num-sns\"><input size=\"40\" maxlength=\"400\" class=\"wpcf7-form-control wpcf7-text\" aria-invalid=\"false\" value=\"\" type=\"text\" name=\"num-sns\" \/><\/span>\n<\/p>\n<p><label> Peso da crian\u00e7a \u00e0 data da inscri\u00e7\u00e3o:<\/label><br \/>\n<span class=\"wpcf7-form-control-wrap\" data-name=\"peso\"><input size=\"40\" maxlength=\"400\" class=\"wpcf7-form-control wpcf7-text\" aria-invalid=\"false\" value=\"\" type=\"text\" name=\"peso\" \/><\/span>\n<\/p>\n<p><label> Vacinas realizadas:<\/label><br \/>\n<span class=\"wpcf7-form-control-wrap\" data-name=\"vacinas\"><textarea cols=\"40\" rows=\"10\" maxlength=\"2000\" class=\"wpcf7-form-control wpcf7-textarea\" aria-invalid=\"false\" name=\"vacinas\"><\/textarea><\/span>\n<\/p>\n<p><label> Restri\u00e7\u00f5es alimentares:<\/label><br \/>\n<span class=\"wpcf7-form-control-wrap\" data-name=\"rest-alimentar\"><textarea cols=\"40\" rows=\"10\" maxlength=\"2000\" class=\"wpcf7-form-control wpcf7-textarea\" aria-invalid=\"false\" name=\"rest-alimentar\"><\/textarea><\/span>\n<\/p>\n<p><label> Indica\u00e7\u00f5es m\u00e9dicas relevantes:<\/label><br \/>\n<span class=\"wpcf7-form-control-wrap\" data-name=\"indicacoes-medicas\"><textarea cols=\"40\" rows=\"10\" maxlength=\"2000\" class=\"wpcf7-form-control wpcf7-textarea\" aria-invalid=\"false\" name=\"indicacoes-medicas\"><\/textarea><\/span>\n<\/p>\n<p><label> Alergias ou intoler\u00e2ncias:<\/label><br \/>\n<span class=\"wpcf7-form-control-wrap\" data-name=\"alergias\"><textarea cols=\"40\" rows=\"10\" maxlength=\"2000\" class=\"wpcf7-form-control wpcf7-textarea\" aria-invalid=\"false\" name=\"alergias\"><\/textarea><\/span>\n<\/p>\n<p><label><\/label><br \/>\n<label><\/label><br \/>\n<label> Caso o Encarregado de Educa\u00e7\u00e3o esteja incontact\u00e1vel, permito a administra\u00e7\u00e3o de paracetamol, se:<\/label><br \/>\n<span class=\"wpcf7-form-control-wrap\" data-name=\"paracetemol\"><span class=\"wpcf7-form-control wpcf7-checkbox wpcf7-validates-as-required\"><span class=\"wpcf7-list-item first\"><label><input type=\"checkbox\" name=\"paracetemol[]\" value=\"temperatura axilar superior a 38,5\u00baC\" \/><span class=\"wpcf7-list-item-label\">temperatura axilar superior a 38,5\u00baC<\/span><\/label><\/span><span class=\"wpcf7-list-item\"><label><input type=\"checkbox\" name=\"paracetemol[]\" value=\"temperatura axilar superior a 39\u00baC axilar\" \/><span class=\"wpcf7-list-item-label\">temperatura axilar superior a 39\u00baC axilar<\/span><\/label><\/span><span class=\"wpcf7-list-item\"><label><input type=\"checkbox\" name=\"paracetemol[]\" value=\"desconforto evidente da crian\u00e7a\" \/><span class=\"wpcf7-list-item-label\">desconforto evidente da crian\u00e7a<\/span><\/label><\/span><span class=\"wpcf7-list-item last\"><label><input type=\"checkbox\" name=\"paracetemol[]\" value=\"n\u00e3o permito a administra\u00e7\u00e3o de paracetamol\" \/><span class=\"wpcf7-list-item-label\">n\u00e3o permito a administra\u00e7\u00e3o de paracetamol<\/span><\/label><\/span><\/span><\/span>\n<\/p>\n<p><label><\/label><br \/>\n<label><\/label><br \/>\n<label> Caso o Encarregado de Educa\u00e7\u00e3o esteja incontact\u00e1vel, em caso de acidente e por indica\u00e7\u00e3o do SNS 24 ou do INEM, permito que:<\/label><br \/>\n<span class=\"wpcf7-form-control-wrap\" data-name=\"acidente\"><span class=\"wpcf7-form-control wpcf7-checkbox wpcf7-validates-as-required\"><span class=\"wpcf7-list-item first\"><label><input type=\"checkbox\" name=\"acidente[]\" value=\"a Educadora atue de acordo com as indica\u00e7\u00f5es das entidades competentes (SNS 24 ou INEM)\" \/><span class=\"wpcf7-list-item-label\">a Educadora atue de acordo com as indica\u00e7\u00f5es das entidades competentes (SNS 24 ou INEM)<\/span><\/label><\/span><span class=\"wpcf7-list-item\"><label><input type=\"checkbox\" name=\"acidente[]\" value=\"a Crian\u00e7a seja transportada em viatura de urg\u00eancia para o CHEDV - S\u00e3o Sebasti\u00e3o ou outro hospital p\u00fablico de refer\u00eancia\" \/><span class=\"wpcf7-list-item-label\">a Crian\u00e7a seja transportada em viatura de urg\u00eancia para o CHEDV - S\u00e3o Sebasti\u00e3o ou outro hospital p\u00fablico de refer\u00eancia<\/span><\/label><\/span><span class=\"wpcf7-list-item\"><label><input type=\"checkbox\" name=\"acidente[]\" value=\"a Crian\u00e7a seja assistida pela val\u00eancia de cl\u00ednica, caso se encontrem profissionais de sa\u00fade no local\" \/><span class=\"wpcf7-list-item-label\">a Crian\u00e7a seja assistida pela val\u00eancia de cl\u00ednica, caso se encontrem profissionais de sa\u00fade no local<\/span><\/label><\/span><span class=\"wpcf7-list-item last\"><label><input type=\"checkbox\" name=\"acidente[]\" value=\"outro\" \/><span class=\"wpcf7-list-item-label\">outro<\/span><\/label><\/span><\/span><\/span>\n<\/p>\n<p><label> Se a op\u00e7\u00e3o foi \"Outro\", especifique com clareza:<\/label><br \/>\n<span class=\"wpcf7-form-control-wrap\" data-name=\"outro-acidente\"><textarea cols=\"40\" rows=\"10\" maxlength=\"2000\" class=\"wpcf7-form-control wpcf7-textarea\" aria-invalid=\"false\" name=\"outro-acidente\"><\/textarea><\/span>\n<\/p>\n<p><label><\/label><br \/>\n<label><\/label><br \/>\n<label><strong> Prote\u00e7\u00e3o de dados<\/strong><\/label><br \/>\n<label><\/label>\n<\/p>\n<p><label> Autoriza a publica\u00e7\u00e3o de fotos nas nossas redes sociais e site com objetivo de divulgar a institui\u00e7\u00e3o?<\/label><br \/>\n<span class=\"wpcf7-form-control-wrap\" data-name=\"fotos\"><span class=\"wpcf7-form-control wpcf7-radio\"><span class=\"wpcf7-list-item first\"><label><input type=\"radio\" name=\"fotos\" value=\"sim\" \/><span class=\"wpcf7-list-item-label\">sim<\/span><\/label><\/span><span class=\"wpcf7-list-item\"><label><input type=\"radio\" name=\"fotos\" value=\"sim, desde que a crian\u00e7a n\u00e3o seja identificada\" \/><span class=\"wpcf7-list-item-label\">sim, desde que a crian\u00e7a n\u00e3o seja identificada<\/span><\/label><\/span><span class=\"wpcf7-list-item last\"><label><input type=\"radio\" name=\"fotos\" value=\"n\u00e3o\" \/><span class=\"wpcf7-list-item-label\">n\u00e3o<\/span><\/label><\/span><\/span><\/span>\n<\/p>\n<p><label><br \/>\nOs dados pessoais e de sa\u00fade constantes nesta ficha de inscri\u00e7\u00e3o destinam-se exclusivamente \u00e0 realiza\u00e7\u00e3o de todos os procedimentos necess\u00e1rios de gest\u00e3o e organiza\u00e7\u00e3o do Amor Pequenino.\u00a0Os dados s\u00e3o confidenciais e utilizados para os fins a que se destinam. Ao tratamento dos dados constantes nesta ficha de inscri\u00e7\u00e3o s\u00e3o aplic\u00e1veis as novas disposi\u00e7\u00f5es previstas em sede de legisla\u00e7\u00e3o do Regulamento Geral da Prote\u00e7\u00e3o de Dados (RGPD).<br \/>\nAp\u00f3s t\u00e9rmino do ano letivo, os dados pessoais ser\u00e3o eliminados, exceto quando exista uma obriga\u00e7\u00e3o legal de conserva\u00e7\u00e3o dos mesmos, nos termos do artigo 17\u00ba do RGPD.<br \/>\nComo titular dos dados, tem o direito \u00e0 retifica\u00e7\u00e3o dos dados que lhe digam respeito (art.16\u00ba do RGPD).<br \/>\nCaso, posteriormente, se oponha ao tratamento de dados, estes deixar\u00e3o de ser tratados, a n\u00e3o ser que o respons\u00e1vel pelo tratamento apresente raz\u00f5es imperiosas e leg\u00edtimas para prosseguir com o tratamento, que prevale\u00e7am sobre os seus interesses, direitos e liberdades.<br \/>\nA submiss\u00e3o da inscri\u00e7\u00e3o implica a aceita\u00e7\u00e3o do regulamento interno em vigor.<br \/>\nA inscri\u00e7\u00e3o apenas ser\u00e1 considerada v\u00e1lida ap\u00f3s o respetivo pagamento da taxa de inscri\u00e7\u00e3o.<br \/>\nA taxa de inscri\u00e7\u00e3o n\u00e3o ser\u00e1 devolvida em caso de desist\u00eancia.<br \/>\n<\/label><br \/>\n<span class=\"wpcf7-form-control-wrap\" data-name=\"dados\"><span class=\"wpcf7-form-control wpcf7-checkbox wpcf7-validates-as-required\"><span class=\"wpcf7-list-item first last\"><input type=\"checkbox\" name=\"dados[]\" value=\"Aceito e concordo\" \/><span class=\"wpcf7-list-item-label\">Aceito e concordo<\/span><\/span><\/span><\/span>\n<\/p>\n<p><label><\/label><br \/>\n<label><\/label><br \/>\n<input class=\"wpcf7-form-control wpcf7-submit has-spinner\" type=\"submit\" value=\"Enviar\" \/>\n<\/p><div class=\"wpcf7-response-output\" aria-hidden=\"true\"><\/div>\n<\/form>\n<\/div>\n<\/div>[\/vc_column_inner][\/vc_row_inner][\/vc_column][\/vc_row]<\/p>\n","protected":false},"excerpt":{"rendered":"<p>[vc_row css=&#8221;.vc_custom_1616341631056{padding-top: 180px !important;padding-bottom: 60px !important;}&#8221;][vc_column offset=&#8221;vc_col-md-offset-1 vc_col-md-10&#8243;][vc_row_inner content_placement=&#8221;middle&#8221;][vc_column_inner offset=&#8221;vc_col-md-offset-1 vc_col-md-6&#8243;][\/vc_column_inner][vc_column_inner align=&#8221;text-left&#8221; offset=&#8221;vc_col-md-4 vc_hidden-sm vc_hidden-xs&#8221;&#8230;<\/p>\n","protected":false},"author":2,"featured_media":0,"parent":0,"menu_order":0,"comment_status":"closed","ping_status":"closed","template":"","meta":{"footnotes":""},"class_list":["post-4658","page","type-page","status-publish","hentry"],"_links":{"self":[{"href":"https:\/\/amor-pequenino.pt\/index.php\/wp-json\/wp\/v2\/pages\/4658","targetHints":{"allow":["GET"]}}],"collection":[{"href":"https:\/\/amor-pequenino.pt\/index.php\/wp-json\/wp\/v2\/pages"}],"about":[{"href":"https:\/\/amor-pequenino.pt\/index.php\/wp-json\/wp\/v2\/types\/page"}],"author":[{"embeddable":true,"href":"https:\/\/amor-pequenino.pt\/index.php\/wp-json\/wp\/v2\/users\/2"}],"replies":[{"embeddable":true,"href":"https:\/\/amor-pequenino.pt\/index.php\/wp-json\/wp\/v2\/comments?post=4658"}],"version-history":[{"count":4,"href":"https:\/\/amor-pequenino.pt\/index.php\/wp-json\/wp\/v2\/pages\/4658\/revisions"}],"predecessor-version":[{"id":4804,"href":"https:\/\/amor-pequenino.pt\/index.php\/wp-json\/wp\/v2\/pages\/4658\/revisions\/4804"}],"wp:attachment":[{"href":"https:\/\/amor-pequenino.pt\/index.php\/wp-json\/wp\/v2\/media?parent=4658"}],"curies":[{"name":"wp","href":"https:\/\/api.w.org\/{rel}","templated":true}]}}