{"id":4829,"date":"2023-06-12T14:03:51","date_gmt":"2023-06-12T14:03:51","guid":{"rendered":"https:\/\/amor-pequenino.pt\/?page_id=4829"},"modified":"2024-03-14T16:20:20","modified_gmt":"2024-03-14T16:20:20","slug":"sobre-nos","status":"publish","type":"page","link":"https:\/\/amor-pequenino.pt\/index.php\/sobre-nos\/","title":{"rendered":"Sobre n\u00f3s"},"content":{"rendered":"<p>[vc_row css=&#8221;.vc_custom_1616502915039{padding-top: 180px !important;}&#8221;][vc_column width=&#8221;1\/2&#8243;][vc_single_image image=&#8221;4493&#8243; img_size=&#8221;large&#8221; alignment=&#8221;center&#8221; style=&#8221;vc_box_shadow_3d&#8221; css_animation=&#8221;fadeInLeft&#8221;][\/vc_column][vc_column width=&#8221;1\/2&#8243;]<style>.ld_fancy_heading_6a00742b4b4f2 h4{font-family:Quicksand!important;font-weight:300!important;font-style:normal!important;color:rgb(112, 187, 180);}.ld_fancy_heading_6a00742b4b4f2 .lqd-highlight-inner{height:0.275em;bottom:0px;}<\/style><div class=\"ld-fancy-heading text-justified ld_fancy_heading_6a00742b4b4f2\">\n\t<h4 class=\"lqd-highlight-underline lqd-highlight-grow-left\" data-fittext=\"true\" data-fittext-options='{\"compressor\":1,\"maxFontSize\":\"currentFontSize\",\"minFontSize\":\"\"}' data-split-text=\"true\" data-custom-animations=\"true\" data-ca-options='{\"triggerHandler\":\"inview\",\"animationTarget\":\".lqd-words .split-inner\",\"duration\":700,\"delay\":100,\"easing\":\"easeOutQuint\",\"direction\":\"forward\",\"initValues\":{\"scale\":1},\"animations\":{\"scale\":1}}' data-split-options='{\"type\":\"words\"}'><span class=\"ld-fh-txt\"> <\/p>\n<blockquote><p><strong><span style=\"font-size: 21px\">\u201cEsta \u00e9 a educa\u00e7\u00e3o, compreendida como uma ajuda \u00e0 vida. Uma educa\u00e7\u00e3o desde o nascimento, que alimenta uma revolu\u00e7\u00e3o pac\u00edfica e une todos num objetivo comum, atraindo-os como a um s\u00f3 centro. M\u00e3es, pais, pol\u00edticos: todos devem combinar no seu respeito e ajuda a este delicado trabalho formativo, que a crian\u00e7a executa nas profundezas de um \u00edntimo mist\u00e9rio psicol\u00f3gico, sob a tutela de um guia interior. Esta \u00e9 a resplancente nova esperan\u00e7a para a humanidade.\u201d<\/span><\/strong><br \/>\n<span style=\"font-size: 16px\">Maria Montessori<\/span><\/p><\/blockquote>\n<p><\/span><\/h4><\/div>[\/vc_column][\/vc_row][vc_row][vc_column]<style>.ld_spacer_6a00742b4c51c{height:36px;}<\/style>\n<div class=\"ld-empty-space ld_spacer_6a00742b4c51c\"><span class=\"liquid_empty_space_inner\"><\/span><\/div>[\/vc_column][\/vc_row][vc_row][vc_column]<div class=\"tabs tabs tabs-nav-centered tabs-nav-active-underlined tabs-nav-sm ld_tabs_6a00742b51630\" >\n\t<ul class=\"nav tabs-nav\" role=\"tablist\"><li role=\"presentation\" class=\"h5 active\"><a href=\"#1686739007461-441188e4-9dad\" aria-expanded=\"false\" aria-controls=\"1686739007461-441188e4-9dad\" role=\"tab\" data-toggle=\"tab\">Hist\u00f3ria<\/a><\/li><li role=\"presentation\" class=\"h5\"><a href=\"#1686583173756-dbb7d3b6-6aea\" aria-expanded=\"false\" aria-controls=\"1686583173756-dbb7d3b6-6aea\" role=\"tab\" data-toggle=\"tab\">Sobre n\u00f3s<\/a><\/li><li role=\"presentation\" class=\"h5\"><a href=\"#1686583173774-034fb80b-2c1b\" aria-expanded=\"false\" aria-controls=\"1686583173774-034fb80b-2c1b\" role=\"tab\" data-toggle=\"tab\">Org\u00e3os de gest\u00e3o<\/a><\/li><li role=\"presentation\" class=\"h5\"><a href=\"#1686584109670-93e57340-384e\" aria-expanded=\"false\" aria-controls=\"1686584109670-93e57340-384e\" role=\"tab\" data-toggle=\"tab\">Estatutos<\/a><\/li><\/ul>\t<div class=\"tabs-content\"><div id=\"1686739007461-441188e4-9dad\" role=\"tabpanel\" class=\"tabs-pane fade active in\"><p>[vc_column_text]Somos a fam\u00edlia de 2 Amores Pequeninos muito especiais. Ambos nasceram com uma doen\u00e7a rara. Desde cedo necessitaram de cuidados de sa\u00fade especializados e, como ambos t\u00eam altera\u00e7\u00f5es imunit\u00e1rias, aconselharam-nos a que permanecessem em casa o m\u00e1ximo de tempo poss\u00edvel.<\/p>\n<p>Ap\u00f3s completar 3 anos, o nosso Amor Pequenino mais velho come\u00e7ou a demonstrar muita vontade em ir para a escola. Todos os dias questionava quando poderia ir para a escola. Isto partia-nos o cora\u00e7\u00e3o\u2026 porque ele n\u00e3o podia\u2026 O ensino est\u00e1 de tal forma massificado que quase n\u00e3o existem escolas pequenas, com adultos preparados, que compreendam e respeitem as necessidades individuais de cada crian\u00e7a.<\/p>\n<p>Quer\u00edamos um espa\u00e7o que, al\u00e9m de seguro, guiasse o nosso filho no seu processo de autoconstru\u00e7\u00e3o, ajudando-o a desenvolver o seu potencial e as suas energias criativas, sem o limitar. Quer\u00edamos uma escola que o mantivesse \u00edntegro em todas as suas dimens\u00f5es &#8211; f\u00edsica, intelectual, emocional, moral e espiritual. Quer\u00edamos um ambiente preparado, prop\u00edcio \u00e0 aceita\u00e7\u00e3o e integra\u00e7\u00e3o do nosso filho, que motivasse a sua independ\u00eancia, com adultos preparados que o seguissem no seu desenvolvimento e nos seus interesses. E seria perfeito que, no mesmo s\u00edtio, consegu\u00edssemos responder \u00e0s suas necessidades de sa\u00fade e de educa\u00e7\u00e3o.<\/p>\n<p>E, desta vontade de querer o melhor para os nossos filhos, nasceu o Amor Pequenino &#8211; um projeto inclusivo, com perman\u00eancia na ess\u00eancia da crian\u00e7a, com proje\u00e7\u00e3o do seu ser individual, das suas caracter\u00edsticas \u00fanicas, da sua forma de ser e de estar no Mundo. Esta \u00e9 e nossa segunda casa\u2026 sejam bem-vindos.[\/vc_column_text]<\/p>\n<\/div><div id=\"1686583173756-dbb7d3b6-6aea\" role=\"tabpanel\" class=\"tabs-pane fade\"><p>[vc_column_text]O Amor Pequenino \u00e9 uma associa\u00e7\u00e3o sem fins lucrativos de apoio \u00e0 fam\u00edlia e \u00e0 inf\u00e2ncia fundada em mar\u00e7o de 2021.[\/vc_column_text]<style>.ld_spacer_6a00742b4d347{height:36px;}<\/style>\n<div class=\"ld-empty-space ld_spacer_6a00742b4d347\"><span class=\"liquid_empty_space_inner\"><\/span><\/div>[vc_row_inner][vc_column_inner width=&#8221;1\/3&#8243;]<style>.ld_fancy_heading_6a00742b4db83 h1{color:rgb(112, 187, 180);}.ld_fancy_heading_6a00742b4db83 .lqd-highlight-inner{height:0.275em;bottom:0px;}<\/style><div class=\"ld-fancy-heading ld_fancy_heading_6a00742b4db83\">\n\t<h1 class=\"lqd-highlight-underline lqd-highlight-grow-left\" ><span class=\"ld-fh-txt\"> Miss\u00e3o<\/span><\/h1><\/div>[vc_column_text]Suportar as crian\u00e7as no seu processo de autoconstru\u00e7\u00e3o, ajudando ao desenvolvimento do seu potencial e das suas extraordin\u00e1rias energias criativas[\/vc_column_text][\/vc_column_inner][vc_column_inner width=&#8221;1\/3&#8243;]<style>.ld_fancy_heading_6a00742b4e561 h1{color:rgb(112, 187, 180);}.ld_fancy_heading_6a00742b4e561 .lqd-highlight-inner{height:0.275em;bottom:0px;}<\/style><div class=\"ld-fancy-heading ld_fancy_heading_6a00742b4e561\">\n\t<h1 class=\"lqd-highlight-underline lqd-highlight-grow-left\" ><span class=\"ld-fh-txt\"> Vis\u00e3o<\/span><\/h1><\/div>[vc_column_text]Contribuir para uma mudan\u00e7a efetiva na abordagem \u00e0 inf\u00e2ncia e na educa\u00e7\u00e3o em Portugal[\/vc_column_text][\/vc_column_inner][vc_column_inner width=&#8221;1\/3&#8243;]<style>.ld_fancy_heading_6a00742b4ee46 h1{color:rgb(112, 187, 180);}.ld_fancy_heading_6a00742b4ee46 .lqd-highlight-inner{height:0.275em;bottom:0px;}<\/style><div class=\"ld-fancy-heading ld_fancy_heading_6a00742b4ee46\">\n\t<h1 class=\"lqd-highlight-underline lqd-highlight-grow-left\" ><span class=\"ld-fh-txt\"> Valores<\/span><\/h1><\/div>[vc_column_text]\u2981 Respeito pela crian\u00e7a e pela sua individualidade<br \/>\n\u2981 Amor, confian\u00e7a, autonomia e independ\u00eancia<br \/>\n\u2981 Desenvolvimento sustent\u00e1vel<br \/>\n\u2981 Adulto e ambiente preparado<br \/>\n\u2981 Qualidade, seriedade, inova\u00e7\u00e3o e compet\u00eancia[\/vc_column_text][\/vc_column_inner][\/vc_row_inner]<\/p>\n<\/div><div id=\"1686583173774-034fb80b-2c1b\" role=\"tabpanel\" class=\"tabs-pane fade\"><p>[vc_row_inner][vc_column_inner width=&#8221;1\/3&#8243;]<style>.ld_fancy_heading_6a00742b4fa44 h3{color:rgb(112, 187, 180);}.ld_fancy_heading_6a00742b4fa44 .lqd-highlight-inner{height:0.275em;bottom:0px;}<\/style><div class=\"ld-fancy-heading ld_fancy_heading_6a00742b4fa44\">\n\t<h3 class=\"lqd-highlight-underline lqd-highlight-grow-left\" ><span class=\"ld-fh-txt\"> Conselho de dire\u00e7\u00e3o<\/span><\/h3><\/div>[vc_column_text]Presidente \u2013 Id\u00cdlia Maria Gomes Concei\u00e7\u00e3o<br \/>\nVice-presidente \u2013 Tiago Jos\u00e9 Oliveira Afonso[\/vc_column_text][\/vc_column_inner][vc_column_inner width=&#8221;1\/3&#8243;]<style>.ld_fancy_heading_6a00742b50389 h3{color:rgb(112, 187, 180);}.ld_fancy_heading_6a00742b50389 .lqd-highlight-inner{height:0.275em;bottom:0px;}<\/style><div class=\"ld-fancy-heading ld_fancy_heading_6a00742b50389\">\n\t<h3 class=\"lqd-highlight-underline lqd-highlight-grow-left\" ><span class=\"ld-fh-txt\"> Mesa da assembleia geral<\/span><\/h3><\/div>[vc_column_text]Presidente \u2013 Joana Rita Gomes de Sousa[\/vc_column_text][\/vc_column_inner][vc_column_inner width=&#8221;1\/3&#8243;]<style>.ld_fancy_heading_6a00742b50d0d h3{color:rgb(112, 187, 180);}.ld_fancy_heading_6a00742b50d0d .lqd-highlight-inner{height:0.275em;bottom:0px;}<\/style><div class=\"ld-fancy-heading ld_fancy_heading_6a00742b50d0d\">\n\t<h3 class=\"lqd-highlight-underline lqd-highlight-grow-left\" ><span class=\"ld-fh-txt\"> Conselho fiscal<\/span><\/h3><\/div>[vc_column_text]Presidente \u2013 Ant\u00f3nio dos Santos Sousa[\/vc_column_text][\/vc_column_inner][\/vc_row_inner]<\/p>\n<\/div><div id=\"1686584109670-93e57340-384e\" role=\"tabpanel\" class=\"tabs-pane fade\"><p>[vc_row_inner][vc_column_inner][vc_message message_box_style=&#8221;solid-icon&#8221; message_box_color=&#8221;success&#8221; icon_fontawesome=&#8221;fas fa-arrow-alt-circle-down&#8221;]<a href=\"https:\/\/amor-pequenino.pt\/wp-content\/uploads\/2023\/06\/estatutos_AP.pdf\">Consultar documento<\/a>[\/vc_message][\/vc_column_inner][\/vc_row_inner]<\/p>\n<\/div><\/div><\/div>\n[\/vc_column][\/vc_row][vc_row][vc_column]<style>.ld_spacer_6a00742b522a1{height:40px;}<\/style>\n<div class=\"ld-empty-space ld_spacer_6a00742b522a1\"><span class=\"liquid_empty_space_inner\"><\/span><\/div>[\/vc_column][\/vc_row][vc_row css=&#8221;.vc_custom_1616350692259{padding-top: 15px !important;padding-bottom: 60px !important;}&#8221;][vc_column width=&#8221;1\/3&#8243;][\/vc_column][vc_column width=&#8221;1\/3&#8243;]<style>.ld_button_6a00742b52bb8.btn-icon-solid:hover .btn-icon{background:rgb(255, 255, 255);}.ld_button_6a00742b52bb8:hover{background-color:rgb(255, 255, 255);border-color:rgb(255, 255, 255);color:rgb(0, 0, 0);}.ld_button_6a00742b52bb8 .btn-gradient-bg-hover{background:-webkit-linear-gradient(to right, rgb(255, 255, 255) 0%, rgb(255, 255, 255) 100%);background:linear-gradient(to right, rgb(255, 255, 255) 0%, rgb(255, 255, 255) 100%);}.ld_button_6a00742b52bb8:hover .btn-gradient-border defs stop:first-child{stop-color:rgb(255, 255, 255);}.ld_button_6a00742b52bb8:hover .btn-gradient-border defs stop:last-child{stop-color:rgb(255, 255, 255);}.ld_button_6a00742b52bb8{color:rgb(0, 0, 0);}<\/style><a href=\"https:\/\/amor-pequenino.pt\/index.php\/pedido-de-informacoes\/\" title=\"Pedido de Informa\u00e7\u00f5es\" class=\"btn btn-solid text-uppercase semi-round btn-bordered border-thin ld_button_6a00742b52bb8 vc_custom_1616502793138\">\n\t<span>\n\t\t\n\t\t\t\t\t<span class=\"btn-txt\">Pedido de informa\u00e7\u00f5es<\/span>\n\t\t\t\n\t\t\t\t<\/span>\n<\/a>\n[\/vc_column][vc_column width=&#8221;1\/3&#8243;][\/vc_column][\/vc_row]<\/p>\n","protected":false},"excerpt":{"rendered":"<p>[vc_row css=&#8221;.vc_custom_1616502915039{padding-top: 180px !important;}&#8221;][vc_column width=&#8221;1\/2&#8243;][vc_single_image image=&#8221;4493&#8243; img_size=&#8221;large&#8221; alignment=&#8221;center&#8221; style=&#8221;vc_box_shadow_3d&#8221; css_animation=&#8221;fadeInLeft&#8221;][\/vc_column][vc_column width=&#8221;1\/2&#8243;][\/vc_column][\/vc_row][vc_row][vc_column][\/vc_column][\/vc_row][vc_row][vc_column][\/vc_column][\/vc_row][vc_row][vc_column][\/vc_column][\/vc_row][vc_row css=&#8221;.vc_custom_1616350692259{padding-top: 15px !important;padding-bottom: 60px&#8230;<\/p>\n","protected":false},"author":2,"featured_media":0,"parent":0,"menu_order":0,"comment_status":"closed","ping_status":"closed","template":"","meta":{"footnotes":""},"class_list":["post-4829","page","type-page","status-publish","hentry"],"_links":{"self":[{"href":"https:\/\/amor-pequenino.pt\/index.php\/wp-json\/wp\/v2\/pages\/4829","targetHints":{"allow":["GET"]}}],"collection":[{"href":"https:\/\/amor-pequenino.pt\/index.php\/wp-json\/wp\/v2\/pages"}],"about":[{"href":"https:\/\/amor-pequenino.pt\/index.php\/wp-json\/wp\/v2\/types\/page"}],"author":[{"embeddable":true,"href":"https:\/\/amor-pequenino.pt\/index.php\/wp-json\/wp\/v2\/users\/2"}],"replies":[{"embeddable":true,"href":"https:\/\/amor-pequenino.pt\/index.php\/wp-json\/wp\/v2\/comments?post=4829"}],"version-history":[{"count":40,"href":"https:\/\/amor-pequenino.pt\/index.php\/wp-json\/wp\/v2\/pages\/4829\/revisions"}],"predecessor-version":[{"id":4907,"href":"https:\/\/amor-pequenino.pt\/index.php\/wp-json\/wp\/v2\/pages\/4829\/revisions\/4907"}],"wp:attachment":[{"href":"https:\/\/amor-pequenino.pt\/index.php\/wp-json\/wp\/v2\/media?parent=4829"}],"curies":[{"name":"wp","href":"https:\/\/api.w.org\/{rel}","templated":true}]}}