{"id":4970,"date":"2026-01-06T14:04:47","date_gmt":"2026-01-06T14:04:47","guid":{"rendered":"https:\/\/amor-pequenino.pt\/?page_id=4970"},"modified":"2026-01-07T11:37:21","modified_gmt":"2026-01-07T11:37:21","slug":"sidebyside","status":"publish","type":"page","link":"https:\/\/amor-pequenino.pt\/index.php\/sidebyside\/","title":{"rendered":"Side By Side"},"content":{"rendered":"<p>[vc_row css=&#8221;.vc_custom_1616452165158{padding-top: 60px !important;}&#8221;][vc_column][vc_single_image image=&#8221;4975&#8243; img_size=&#8221;large&#8221; alignment=&#8221;center&#8221; style=&#8221;vc_box_shadow_3d&#8221; onclick=&#8221;img_link_large&#8221; css_animation=&#8221;fadeInLeft&#8221;][\/vc_column][\/vc_row][vc_row][vc_column]<style>.ld_fancy_heading_6a00744e196fd h4{font-family:Quicksand!important;font-weight:300!important;font-style:normal!important;color:rgb(112, 187, 180);}.ld_fancy_heading_6a00744e196fd .lqd-highlight-inner{height:0.275em;bottom:0px;}<\/style><div class=\"ld-fancy-heading text-justified ld_fancy_heading_6a00744e196fd\">\n\t<h4 class=\"lqd-highlight-underline lqd-highlight-grow-left\" data-fittext=\"true\" data-fittext-options='{\"compressor\":1,\"maxFontSize\":\"currentFontSize\",\"minFontSize\":\"\"}' data-split-text=\"true\" data-custom-animations=\"true\" data-ca-options='{\"triggerHandler\":\"inview\",\"animationTarget\":\".lqd-words .split-inner\",\"duration\":700,\"delay\":100,\"easing\":\"easeOutQuint\",\"direction\":\"forward\",\"initValues\":{\"scale\":1},\"animations\":{\"scale\":1}}' data-split-options='{\"type\":\"words\"}'><span class=\"ld-fh-txt\"> <strong>Projeto apoiado pelo BPI funda\u00e7\u00e3o \u201cla Caixa\u201d<\/strong><\/span><\/h4><\/div><style>.ld_spacer_6a00744e1aab8{height:36px;}<\/style>\n<div class=\"ld-empty-space ld_spacer_6a00744e1aab8\"><span class=\"liquid_empty_space_inner\"><\/span><\/div><style>.ld_fancy_heading_6a00744e1b645 h4{font-family:Quicksand!important;font-weight:300!important;font-style:normal!important;color:rgb(112, 187, 180);}.ld_fancy_heading_6a00744e1b645 .lqd-highlight-inner{height:0.275em;bottom:0px;}<\/style><div class=\"ld-fancy-heading text-justified ld_fancy_heading_6a00744e1b645\">\n\t<h4 class=\"lqd-highlight-underline lqd-highlight-grow-left\" data-fittext=\"true\" data-fittext-options='{\"compressor\":1,\"maxFontSize\":\"currentFontSize\",\"minFontSize\":\"\"}' data-split-text=\"true\" data-custom-animations=\"true\" data-ca-options='{\"triggerHandler\":\"inview\",\"animationTarget\":\".lqd-words .split-inner\",\"duration\":700,\"delay\":100,\"easing\":\"easeOutQuint\",\"direction\":\"forward\",\"initValues\":{\"scale\":1},\"animations\":{\"scale\":1}}' data-split-options='{\"type\":\"words\"}'><span class=\"ld-fh-txt\"> <strong>Objetivos:<\/strong><br \/>\n&#8211; Potenciar o desenvolvimento de compet\u00eancias fundamentais nas crian\u00e7as com Necessidades Educativas Espec\u00edficas (NEE), atrav\u00e9s do m\u00e9todo Montessori;<br \/>\n&#8211; Sensibilizar a comunidade geral e a comunidade educativa para a tem\u00e1tica das NEE<br \/>\n&#8211; Dotar as fam\u00edlias de crian\u00e7as com NEE de estrat\u00e9gias para melhor auxiliarem o seu desenvolvimento<br \/>\n&#8211; Criar grupos de partilha de pais de crian\u00e7as com NEE<\/span><\/h4><\/div><style>.ld_spacer_6a00744e1c22a{height:36px;}<\/style>\n<div class=\"ld-empty-space ld_spacer_6a00744e1c22a\"><span class=\"liquid_empty_space_inner\"><\/span><\/div><style>.ld_fancy_heading_6a00744e1cbf6 h4{font-family:Quicksand!important;font-weight:300!important;font-style:normal!important;color:rgb(112, 187, 180);}.ld_fancy_heading_6a00744e1cbf6 .lqd-highlight-inner{height:0.275em;bottom:0px;}<\/style><div class=\"ld-fancy-heading ld_fancy_heading_6a00744e1cbf6\">\n\t<h4 class=\"lqd-highlight-underline lqd-highlight-grow-left\" data-fittext=\"true\" data-fittext-options='{\"compressor\":1,\"maxFontSize\":\"currentFontSize\",\"minFontSize\":\"\"}'><span class=\"ld-fh-txt\"> <strong>Benefici\u00e1rios do projeto:<\/strong> Crian\u00e7as entre os 3 aos 10 anos, do concelho de Santa Maria da Feira, com NEE, associadas a perturba\u00e7\u00f5es de neurodesenvolvimento (nomeadamente perturba\u00e7\u00e3o do espectro do autismo, atraso global do desenvolvimento, PHDA, dislexia, discalculia e sobredota\u00e7\u00e3o).<\/span><\/h4><\/div><style>.ld_fancy_heading_6a00744e1d84c h4{font-family:Quicksand!important;font-weight:300!important;font-style:normal!important;color:rgb(112, 187, 180);}.ld_fancy_heading_6a00744e1d84c .lqd-highlight-inner{height:0.275em;bottom:0px;}<\/style><div class=\"ld-fancy-heading ld_fancy_heading_6a00744e1d84c\">\n\t<h4 class=\"lqd-highlight-underline lqd-highlight-grow-left\" data-fittext=\"true\" data-fittext-options='{\"compressor\":1,\"maxFontSize\":\"currentFontSize\",\"minFontSize\":\"\"}'><span class=\"ld-fh-txt\"> <strong>O projeto conta com os seguintes parceiros:<\/strong> Junta de Freguesia de Rio Me\u00e3o, Junta de Freguesia de Pa\u00e7os de Brand\u00e3o, FAP Feira, Associa\u00e7\u00e3o de Pais e EE da EB1 de Fornos, Associa\u00e7\u00e3o de Pais e EE da EB1 de S\u00e3o Jo\u00e3o de Ver.<\/span><\/h4><\/div><style>.ld_fancy_heading_6a00744e1e438 h4{font-family:Quicksand!important;font-weight:300!important;font-style:normal!important;color:rgb(112, 187, 180);}.ld_fancy_heading_6a00744e1e438 .lqd-highlight-inner{height:0.275em;bottom:0px;}<\/style><div class=\"ld-fancy-heading ld_fancy_heading_6a00744e1e438\">\n\t<h4 class=\"lqd-highlight-underline lqd-highlight-grow-left\" data-fittext=\"true\" data-fittext-options='{\"compressor\":1,\"maxFontSize\":\"currentFontSize\",\"minFontSize\":\"\"}'><span class=\"ld-fh-txt\"> <strong>Atividades previstas:<\/strong><\/p>\n<p>Oficinas Montessori: oficinas bissemanais para as crian\u00e7as com NEE<br \/>\nOficinas Inclusivas: sess\u00f5es de sensibiliza\u00e7\u00e3o realizadas por psic\u00f3logos nas escolas de origem das crian\u00e7as com NEE<br \/>\nOficinas Parentais: Sess\u00f5es conduzidas por psic\u00f3logos, para os cuidadores das crian\u00e7as benefici\u00e1rias do projeto, em formato de grupo de partilha<br \/>\nForma\u00e7\u00e3o parental: a\u00e7\u00f5es formativas, baseadas no m\u00e9todo Montessori, para a comunidade geral<\/span><\/h4><\/div><style>.ld_fancy_heading_6a00744e1f0c1 h4{font-family:Quicksand!important;font-weight:300!important;font-style:normal!important;color:rgb(112, 187, 180);}.ld_fancy_heading_6a00744e1f0c1 .lqd-highlight-inner{height:0.275em;bottom:0px;}<\/style><div class=\"ld-fancy-heading ld_fancy_heading_6a00744e1f0c1\">\n\t<h4 class=\"lqd-highlight-underline lqd-highlight-grow-left\" data-fittext=\"true\" data-fittext-options='{\"compressor\":1,\"maxFontSize\":\"currentFontSize\",\"minFontSize\":\"\"}'><span class=\"ld-fh-txt\"> <strong>Operacionaliza\u00e7\u00e3o do projeto<\/strong>: Entre 01\/01\/2026 e 31\/12\/2026<\/span><\/h4><\/div><style>.ld_fancy_heading_6a00744e1fde2 h4{font-family:Quicksand!important;font-weight:300!important;font-style:normal!important;color:rgb(112, 187, 180);}.ld_fancy_heading_6a00744e1fde2 .lqd-highlight-inner{height:0.275em;bottom:0px;}<\/style><div class=\"ld-fancy-heading ld_fancy_heading_6a00744e1fde2\">\n\t<h4 class=\"lqd-highlight-underline lqd-highlight-grow-left\" data-fittext=\"true\" data-fittext-options='{\"compressor\":1,\"maxFontSize\":\"currentFontSize\",\"minFontSize\":\"\"}'><span class=\"ld-fh-txt\"> (Programa sujeito a altera\u00e7\u00f5es)<\/span><\/h4><\/div><style>.ld_spacer_6a00744e207b0{height:36px;}<\/style>\n<div class=\"ld-empty-space ld_spacer_6a00744e207b0\"><span class=\"liquid_empty_space_inner\"><\/span><\/div>[\/vc_column][\/vc_row][vc_row][vc_column width=&#8221;1\/3&#8243;]<style>.ld_button_6a00744e21197.btn-icon-solid:hover .btn-icon{background:rgb(255, 255, 255);}.ld_button_6a00744e21197:hover{background-color:rgb(255, 255, 255);border-color:rgb(255, 255, 255);color:rgb(0, 0, 0);}.ld_button_6a00744e21197 .btn-gradient-bg-hover{background:-webkit-linear-gradient(to right, rgb(255, 255, 255) 0%, rgb(255, 255, 255) 100%);background:linear-gradient(to right, rgb(255, 255, 255) 0%, rgb(255, 255, 255) 100%);}.ld_button_6a00744e21197:hover .btn-gradient-border defs stop:first-child{stop-color:rgb(255, 255, 255);}.ld_button_6a00744e21197:hover .btn-gradient-border defs stop:last-child{stop-color:rgb(255, 255, 255);}.ld_button_6a00744e21197{color:rgb(0, 0, 0);}<\/style><a href=\"https:\/\/amor-pequenino.pt\/index.php\/formulario-de-inscricao-sidebyside\/\" title=\"Formul\u00e1rio de Inscri\u00e7\u00e3o Side By Side\" class=\"btn btn-solid text-uppercase btn-bordered border-thin ld_button_6a00744e21197 vc_custom_1767785759707\">\n\t<span>\n\t\t\n\t\t\t\t\t<span class=\"btn-txt\">Inscri\u00e7\u00e3o<\/span>\n\t\t\t\n\t\t\t\t<\/span>\n<\/a>\n[\/vc_column][vc_column width=&#8221;1\/3&#8243;][\/vc_column][vc_column width=&#8221;1\/3&#8243;][\/vc_column][\/vc_row][vc_row][vc_column]<style>.ld_spacer_6a00744e2dd59{height:36px;}<\/style>\n<div class=\"ld-empty-space ld_spacer_6a00744e2dd59\"><span class=\"liquid_empty_space_inner\"><\/span><\/div>[\/vc_column][\/vc_row]<\/p>\n","protected":false},"excerpt":{"rendered":"<p>[vc_row css=&#8221;.vc_custom_1616452165158{padding-top: 60px !important;}&#8221;][vc_column][vc_single_image image=&#8221;4975&#8243; img_size=&#8221;large&#8221; alignment=&#8221;center&#8221; style=&#8221;vc_box_shadow_3d&#8221; onclick=&#8221;img_link_large&#8221; css_animation=&#8221;fadeInLeft&#8221;][\/vc_column][\/vc_row][vc_row][vc_column][\/vc_column][\/vc_row][vc_row][vc_column width=&#8221;1\/3&#8243;][\/vc_column][vc_column width=&#8221;1\/3&#8243;][\/vc_column][vc_column width=&#8221;1\/3&#8243;][\/vc_column][\/vc_row][vc_row][vc_column][\/vc_column][\/vc_row]<\/p>\n","protected":false},"author":2,"featured_media":0,"parent":0,"menu_order":0,"comment_status":"closed","ping_status":"closed","template":"","meta":{"footnotes":""},"class_list":["post-4970","page","type-page","status-publish","hentry"],"_links":{"self":[{"href":"https:\/\/amor-pequenino.pt\/index.php\/wp-json\/wp\/v2\/pages\/4970","targetHints":{"allow":["GET"]}}],"collection":[{"href":"https:\/\/amor-pequenino.pt\/index.php\/wp-json\/wp\/v2\/pages"}],"about":[{"href":"https:\/\/amor-pequenino.pt\/index.php\/wp-json\/wp\/v2\/types\/page"}],"author":[{"embeddable":true,"href":"https:\/\/amor-pequenino.pt\/index.php\/wp-json\/wp\/v2\/users\/2"}],"replies":[{"embeddable":true,"href":"https:\/\/amor-pequenino.pt\/index.php\/wp-json\/wp\/v2\/comments?post=4970"}],"version-history":[{"count":17,"href":"https:\/\/amor-pequenino.pt\/index.php\/wp-json\/wp\/v2\/pages\/4970\/revisions"}],"predecessor-version":[{"id":4996,"href":"https:\/\/amor-pequenino.pt\/index.php\/wp-json\/wp\/v2\/pages\/4970\/revisions\/4996"}],"wp:attachment":[{"href":"https:\/\/amor-pequenino.pt\/index.php\/wp-json\/wp\/v2\/media?parent=4970"}],"curies":[{"name":"wp","href":"https:\/\/api.w.org\/{rel}","templated":true}]}}